housands digit of 2011?
2
What is the hundreds digit of 6314?
3
What is the hundreds digit of 15364?
3
What is the thousands digit of 2652?
2
What is the units digit of 1339?
9
What is the hundreds digit of 9466?
4
What is the hundreds digit of 402?
4
What is the tens digit of 7881?
8
What is the hundreds digit of 4914?
9
What is the units digit of 653?
3
What is the units digit of 7695?
5
What is the thousands digit of 17883?
7
What is the ten thousands digit of 64128?
6
What is the units digit of 49231?
1
What is the tens digit of 23200?
0
What is the tens digit of 559?
5
What is the thousands digit of 99626?
9
What is the units digit of 5392?
2
What is the ten thousands digit of 23774?
2
What is the units digit of 894?
4
What is the thousands digit of 77672?
7
What is the hundreds digit of 1708?
7
What is the units digit of 1659?
9
What is the units digit of 236?
6
What is the thousands digit of 1033?
1
What is the hundreds digit of 3653?
6
What is the tens digit of 2155?
5
What is the hundreds digit of 72319?
3
What is the ten thousands digit of 16746?
1
What is the tens digit of 1124?
2
What is the units digit of 27483?
3
What is the hundreds digit of 455?
4
What is the units digit of 1456?
6
What is the hundreds digit of 24124?
1
What is the hundreds digit of 903?
9
What is the hundreds digit of 69100?
1
What is the thousands digit of 35253?
5
What is the tens digit of 498?
9
What is the tens digit of 24314?
1
What is the ten thousands digit of 12562?
1
What is the tens digit of 37961?
6
What is the units digit of 4913?
3
What is the hundreds digit of 4430?
4
What is the hundreds digit of 31317?
3
What is the thousands digit of 26125?
6
What is the thousands digit of 27880?
7
What is the tens digit of 897?
9
What is the thousands digit of 7220?
7
What is the hundreds digit of 6323?
3
What is the units digit of 535?
5
What is the tens digit of 2101?
0
What is the thousands digit of 6520?
6
What is the hundreds digit of 3590?
5
What is the thousands digit of 8224?
8
What is the tens digit of 5582?
8
What is the hundreds digit of 354?
3
What is the thousands digit of 6390?
6
What is the thousands digit of 1403?
1
What is the tens digit of 427?
2
What is the ten thousands digit of 18811?
1
What is the tens digit of 892?
9
What is the hundreds digit of 354?
3
What is the thousands digit of 27340?
7
What is the thousands digit of 3990?
3
What is the tens digit of 9805?
0
What is the hundreds digit of 3273?
2
What is the units digit of 982?
2
What is the units digit of 30855?
5
What is the hundreds digit of 2640?
6
What is the units digit of 57?
7
What is the thousands digit of 2167?
2
What is the hundreds digit of 986?
9
What is the hundreds digit of 1113?
1
What is the units digit of 2900?
0
What is the ten thousands digit of 45008?
4
What is the tens digit of 354?
5
What is the units digit of 37634?
4
What is the units digit of 8617?
7
What is the thousands digit of 21464?
1
What is the hundreds digit of 29430?
4
What is the thousands digit of 8638?
8
What is the hundreds digit of 13833?
8
What is the tens digit of 4385?
8
What is the tens digit of 885?
8
What is the tens digit of 5079?
7
What is the tens digit of 283?
8
What is the tens digit of 5468?
6
What is the hundreds digit of 5512?
5
What is the units digit of 1302?
2
What is the hundreds digit of 1126?
1
What is the units digit of 4518?
8
What is the units digit of 18201?
1
What is the hundreds digit of 6456?
4
What is the hundreds digit of 4920?
9
What is the units digit of 347?
7
What is the tens digit of 382?
8
What is the ten thousands digit of 49949?
4
What is the units digit of 24915?
5
What is the hundreds digit of 27698?
6
What is the tens digit of 692?
9
What is the hundreds digit of 26949?
9
What is the units digit of 1890?
0
What is the hundreds digit of 10420?
4
What is the thousands digit of 2099?
2
What is the tens digit of 781?
8
What is the hundreds digit of 1090?
0
What is the units digit of 350?
0
What is the hundreds digit of 3941?
9
What is the tens digit of 680?
8
What is the thousands digit of 7272?
7
What is the hundreds digit of 887?
8
What is the hundreds digit of 217?
2
What is the thousands digit of 25561?
5
What is the units digit of 7674?
4
What is the tens digit of 314?
1
What is the ten thousands digit of 36926?
3
What is the units digit of 1910?
0
What is the hundreds digit of 563?
5
What is the thousands digit of 2048?
2
What is the tens digit of 6423?
2
What is the hundreds digit of 2812?
8
What is the tens digit of 108?
0
What is the hundreds digit of 5293?
2
What is the hundreds digit of 380?
3
What is the units digit of 13697?
7
What is the units digit of 86?
6
What is the units digit of 351?
1
What is the tens digit of 8736?
3
What is the tens digit of 1900?
0
What is the units digit of 1373?
3
What is the thousands digit of 7877?
7
What is the hundreds digit of 805?
8
What is the units digit of 205?
5
What is the tens digit of 2861?
6
What is the hundreds digit of 886?
8
What is the hundreds digit of 108?
1
What is the thousands digit of 1000?
1
What is the thousands digit of 5209?
5
What is the units digit of 2163?
3
What is the tens digit of 11724?
2
What is the units digit of 210?
0
What is the tens digit of 27453?
5
What is the hundreds digit of 41596?
5
What is the hundreds digit of 918?
9
What is the hundreds digit of 22566?
5
What is the tens digit of 4427?
2
What is the thousands digit of 33779?
3
What is the thousands digit of 90757?
0
What is the hundreds digit of 8698?
6
What is the ten thousands digit of 10440?
1
What is the units digit of 4463?
3
What is the hundreds digit of 2532?
5
What is the hundreds digit of 351?
3
What is the hundreds digit of 68915?
9
What is the units digit of 17735?
5
What is the thousands digit of 22664?
2
What is the tens digit of 76204?
0
What is the tens digit of 17463?
6
What is the tens digit of 555?
5
What is the hundreds digit of 1303?
3
What is the units digit of 504?
4
What is the hundreds digit of 18341?
3
What is the units digit of 4569?
9
What is the tens digit of 11577?
7
What is the thousands digit of 103992?
3
What is the thousands digit of 3558?
3
What is the ten thousands digit of 57708?
5
What is the units digit of 3302?
2
What is the hundreds digit of 68794?
7
What is the ten thousands digit of 75020?
7
What is the thousands digit of 12840?
2
What is the units digit of 167?
7
What is the ten thousands digit of 134679?
3
What is the units digit of 4401?
1
What is the tens digit of 3429?
2
What is the tens digit of 812?
1
What is the tens digit of 928?
2
What is the hundreds digit of 7654?
6
What is the units digit of 6944?
4
What is the ten thousands digit of 100775?
0
What is the thousands digit of 79770?
9
What is the hundreds digit of 705?
7
What is the ten thousands digit of 18303?
1
What is the thousands digit of 1100?
1
What is the hundreds digit of 446?
4
What is the hundred thousands digit of 112277?
1
What is the hundreds digit of 19490?
4
What is the units digit of 15?
5
What is the hundreds digit of 521?
5
What is the units digit of 13605?
5
What is the units digit of 1421?
1
What is the units digit of 2883?
3
What is the thousands digit of 30668?
0
What is the tens digit of 8819?
1
What is the units digit of 280?
0
What is the units digit of 327?
7
What is the thousands digit of 9261?
9
What is the thousands digit of 1069?
1
What is the thousands digit of 6317?
6
What is the units digit of 3867?
7
What is the tens digit of 17008?
0
What is the tens digit of 1218?
1
What is the ten thousands digit of 33419?
3
What is the ten thousands digit of 20597?
2
What is the hundreds digit of 5758?
7
What is the tens digit of 486?
8
What is the units digit of 595?
5
What is the ten thousands digit of 15771?
1
What is the hundreds digit of 47939?
9
What is the tens digit of 115?
1
What is the tens digit of 17368?
6
What is the tens digit of 19637?
3
What is the ten thousands digit of 32404?
3
What is the tens digit of 4283?
8
What is the ten thousands digit of 11043?
1
What is the thousands digit of 58289?
8
What is the tens digit of 3364?
6
What is the hundreds digit of 317?
3
What is the tens digit of 7377?
7
What is the tens digit of 647?
4
What is the hundreds digit of 1684?
6
Wh